True
Is 421925576 a multiple of 141?
False
Is 92 a factor of 17085012?
False
Is 856816416 a multiple of 96?
True
Does 102 divide 39258474?
True
Is 8 a factor of 6289760?
True
Is 451 a factor of 77678290?
False
Is 76820195 even?
False
Does 279 divide 233446275?
True
Is 218 a factor of 71192260?
True
Is 65673777 a multiple of 77?
False
Is 144403438 a multiple of 311?
False
Is 338971373 a multiple of 13?
True
Does 693 divide 78118436?
False
Is 6133 a factor of 1848535264?
True
Does 324 divide 879311700?
True
Is 8 a factor of 14802432?
True
Is 3 a factor of 119277613?
False
Is 43185566 a multiple of 11?
False
Is 26441026 a multiple of 328?
False
Does 107 divide 29757843?
False
Is 191239584 a multiple of 16?
True
Is 3071 a factor of 221162247?
False
Is 5719040 a multiple of 160?
True
Does 100 divide 11622849?
False
Is 2338720020 a multiple of 630?
True
Is 199 a factor of 324293224?
False
Is 2049 a factor of 101192584?
False
Is 179786047 a multiple of 3017?
True
Is 3435099235 a multiple of 7297?
True
Does 380 divide 15392878?
False
Does 2787 divide 46340459?
False
Is 37 a factor of 67862921?
True
Is 22 a factor of 149909662?
False
Is 7 a factor of 2412811485?
True
Is 42 a factor of 342077605?
False
Is 43704450 a multiple of 1773?
True
Is 1466 a factor of 62839216?
False
Is 23 a factor of 1089347151?
False
Does 8 divide 79884840?
True
Is 97261499 a multiple of 19?
False
Is 4 a factor of 356580735?
False
Does 10 divide 10333730?
True
Does 4215 divide 145459650?
True
Is 779543415 a multiple of 595?
True
Is 82 a factor of 1676040968?
True
Is 4 a factor of 183432916?
True
Does 7 divide 208092655?
False
Is 50544225 a multiple of 115?
True
Is 9 a factor of 15249681?
True
Does 961 divide 196134159?
False
Is 62 a factor of 12800520?
True
Is 34 a factor of 44126696?
True
Is 1350308463 a multiple of 618?
False
Is 65884843 a multiple of 1439?
False
Is 9 a factor of 32193981?
True
Does 13 divide 2725151?
True
Is 11 a factor of 2010404561?
True
Is 41993655 a multiple of 363?
True
Does 6 divide 22357674?
True
Does 890 divide 58869880?
False
Is 12935840 a multiple of 10?
True
Is 896 a factor of 9372160?
True
Does 135 divide 334939151?
False
Does 3 divide 40786099?
False
Is 9 a factor of 95879548?
False
Is 846091201 a multiple of 14?
False
Does 100 divide 35874000?
True
Is 7773 a factor of 784653258?
True
Is 1764 a factor of 184208078?
False
Is 67 a factor of 83165288?
False
Is 1223 a factor of 50719135?
False
Is 959971280 a multiple of 5690?
True
Is 334 a factor of 85502188?
False
Does 2 divide 189993?
False
Does 1331 divide 411387?
False
Does 1061 divide 444853173?
False
Is 1607259232 a multiple of 1020?
False
Does 246 divide 1067773195?
False
Is 92 a factor of 85278112?
True
Does 2979 divide 29790000?
True
Is 1754064 a multiple of 117?
True
Does 4 divide 226388742?
False
Does 5 divide 25796449?
False
Does 3005 divide 299102675?
True
Is 17289951 a multiple of 23?
True
Does 239 divide 226486199?
True
Is 209 a factor of 19312436?
True
Is 746 a factor of 24539670?
True
Is 227 a factor of 41280177?
True
Is 272543068 a multiple of 266?
True
Does 10 divide 263657140?
True
Is 568 a factor of 84300856?
True
Is 72 a factor of 4334765040?
True
Is 12825969 a multiple of 361?
True
Does 16 divide 35911573?
False
Does 10 divide 5238260?
True
Is 845 a factor of 1509576392?
False
Is 56 a factor of 5055288?
True
Is 270 a factor of 369392990?
False
Is 325 a factor of 7285142?
False
Is 423 a factor of 29523285?
True
Is 120401904 a multiple of 1172?
True
Is 227 a factor of 28140055?
True
Does 10 divide 2046922?
False
Is 215183940 a multiple of 10?
True
Is 95 a factor of 486471?
False
Does 1308 divide 14353992?
True
Is 61 a factor of 2883387858?
False
Does 3 divide 814270413?
True
Is 8 a factor of 173285500?
False
Is 5117 a factor of 1860515615?
True
Is 45505250 a multiple of 250?
True
Is 1349 a factor of 31454633?
True
Does 11582 divide 1196462860?
False
Is 54972718 a multiple of 14?
False
Is 4148 a factor of 592189220?
True
Is 3571 a factor of 1181631601?
False
Is 17 a factor of 219695037?
False
Does 3473 divide 886854861?
True
Is 35197000 a multiple of 50?
True
Is 190587992 a multiple of 10?
False
Is 34 a factor of 165436792?
True
Is 977140405 a multiple of 1317?
False
Is 308 a factor of 45933888?
True
Is 993 a factor of 41424350?
False
Is 68056030 a multiple of 10?
True
Is 770498625 a multiple of 195?
True
Is 292 a factor of 433539408?
True
Is 27209006 a multiple of 11?
True
Does 2124 divide 13411336?
False
Is 900 a factor of 305083800?
True
Is 795033908 a multiple of 255?
False
Is 398381271 a multiple of 110?
False
Is 3952 a factor of 1077326879?
False
Is 294258339 a multiple of 30?
False
Does 18 divide 1832580?
True
Is 216 a factor of 14114240?
False
Is 104405515 a multiple of 2792?
False
Is 190197259 a multiple of 11?
False
Does 81 divide 60266564?
False
Is 6 a factor of 44424917?
False
Is 11 a factor of 723535100?
False
Is 21060862 a multiple of 9?
False
Is 9 a factor of 3453030?
True
Is 195935541 a multiple of 4?
False
Is 299797700 a multiple of 5?
True
Is 7486638166 a multiple of 14?
True
Does 44 divide 691762720?
True
Is 12096992 a multiple of 856?
True
Is 551 a factor of 1008709088?
True
Does 11071 divide 3079276869?
True
Is 236 a factor of 1120596204?
True
Is 127723314 a multiple of 6?
True
Is 6 a factor of 241958568?
True
Is 2718050417 a multiple of 85?
False
Is 329 a factor of 2910783085?
True
Is 514 a factor of 11968474?
False
Is 2 a factor of 1064532?
True
Is 548343180 a multiple of 1155?
True
Does 87 divide 930626053?
False
Is 1487951 a multiple of 14?
False
Is 740090780 a multiple of 26?
True
Does 186 divide 1516079304?
True
Is 1073242998 a multiple of 845?
False
Does 73 divide 743416231?
False
Is 13 a factor of 77436265?
False
Is 32303348 a multiple of 3?
False
Is 13791391 a multiple of 257?
True
Is 2412708929 a multiple of 8?
False
Is 23 a factor of 736286725?
False
Does 32 divide 1886698474?
False
Is 294902232 a multiple of 7?
False
Is 5 a factor of 20503485?
True
Is 2932 a factor of 202004099?
False
Does 46 divide 1502899258?
True
Does 7 divide 845231756?
False
Does 90 divide 12085380?
True
Is 22 a factor of 265411784?
True
Is 177397486 a multiple of 15?
False
Is 14009673 a multiple of 3?
True
Is 78827076 a multiple of 64?
False
Does 37 divide 257087951?
True
Is 93 a factor of 1138809494?
False
Is 18 a factor of 38123880?
False
Does 16 divide 79431296?
True
Is 1869 a factor of 309125124?
True
Is 108 a factor of 73427580?
True
Is 370 a factor of 287569180?
True
Is 945 a factor of 15352470?
True
Is 994937538 a multiple of 7?
True
Does 3455 divide 232673520?
True
Is 684 a factor of 743390352?
True
Is 566458690 a multiple of 169?
False
Does 11797 divide 1784084394?
False
Is 869548619 a multiple of 187?
False
Is 1434 a factor of 16058195?
False
Is 19531049 a multiple of 86?
False
Does 10 divide 84863520?
True
Is 19 a factor of 758700837?
True
Is 18 a factor of 958595?
False
Does 3417 divide 2075031339?
True
Is 222 a factor of 71207469?
False
Does 10635 divide 2204295180?
True
Is 123308736 a multiple of 16?
True
Does 23 divide 84000186?
True
Is 1549473750 a multiple of 1045?
True
Is 3889 a factor of 202710160?
False
Does 2 divide 135944747?
False
Is 53938096 a multiple of 772?
True
Is 49 a factor of 320656833?
True
Is 143259424 a multiple of 616?
True
Does 643 divide 1971992909?
True
Is 3637397778 a multiple of 903?
True
Is 102631312 a multiple of 23?
False
Does 12 divide 2281437372?
True
Is 1137062560 a multiple of 1398?
False
Does 38 divide 380178980?
True
Is 19 a factor of 176542262?
True
Is 4 a factor of 17178137?
False
Does 11 divide 16188678?
True
Is 166432 a multiple of 8?
True
Is 171399510 a multiple of 4567?
True
Is 50 a factor of 23311823?
False
Is 403590612 a multiple of 653?
False
Does 214 divide 33977320?
False
Does 35 divide 119267524?
False
Is 67 a factor of 160958627?
False
Is 950810540 a multiple of 5770?
False
Is 5 a factor of 3072105?
True
Is 37742992 a multiple of 14?
True
Is 283 a factor of 22009086?
False
Is 906907352 a multiple of 8?
True
Is 33 a factor of 88327645?
False
Is 298 a factor of 57258316?
True
Is 23753618 even?
True
Does 5 divide 4916501?
False
Is 882 a factor of 146550062?
False
Is 901242354 a multiple of 56?
False
Is 13079255 